f c and 1?
1
Let b = 1210 + -1105. Calculate the greatest common factor of b and 165.
15
Let y(q) = 9*q**3 + 9*q**2 - 24*q + 43. Let k be y(6). Calculate the greatest common divisor of k and 11.
11
Let r(k) = -3*k**3 + 2*k**2 + k. Let b be r(-1). Suppose -6*d + 18 = -b*d. Let y be 165/6 + (-2)/4. Calculate the highest common divisor of d and y.
9
Let q = -385 + 405. What is the highest common divisor of q and 180?
20
Let y = -117 - -119. Let s be -5 + (3 - y) + 58. What is the greatest common factor of s and 36?
18
Suppose -111*c = -102*c - 3969. Suppose -3*f - 15 + 207 = i, -i = -4*f + 249. Calculate the highest common factor of c and f.
63
Suppose 4*p - 6*p + 4 = 0. Suppose -9 = -p*f + 9. Let z = -14 + 86. What is the greatest common factor of z and f?
9
Let v be 24 + 0 + -23 + 22. Suppose v = 2*j + 195. Let k be j/(-11) + 2/11. What is the greatest common divisor of k and 12?
4
Let r(m) = 2*m - 3*m - 3 - 3 + 2. Let q be r(0). Let z be ((-16)/(-5))/(q/(-30)). What is the greatest common factor of z and 12?
12
Suppose -5*c + 116 = 5*j - 9, -4*c + 37 = j. Let o = 3 + 1. Suppose -j = -o*l + 11. What is the highest common divisor of 16 and l?
8
Let t(k) = -k + 15 + 2 + k + 2*k. Let h be t(-7). Let r = 13 - h. Calculate the greatest common factor of r and 2.
2
Suppose 16*h - 13041 = -7*h. Calculate the greatest common factor of 243 and h.
81
Suppose -r + 87 = -5*g - 156, -3*g = -r + 253. What is the greatest common divisor of r and 67?
67
Let z = 575 + -425. Calculate the highest common factor of 270 and z.
30
Let i be 261/(-116)*((-13)/3 + -1). Calculate the highest common factor of 8 and i.
4
Suppose -5*j - 3*o = -4480 + 1206, -j - 4*o + 665 = 0. Suppose -5*i = -427 - j. Calculate the greatest common divisor of i and 27.
27
Let m(x) = x**3 + 4*x**2 - 2*x - 4. Let o be m(-4). Suppose o*q - 37 = 323. What is the highest common divisor of 10 and q?
10
Let j be (-220)/(-35) + (-4)/14. Let o = -115 + 127. What is the highest common factor of j and o?
6
Suppose 7*o - 10*o - 165 = 0. Let m be (-2)/6*(o + -11). Calculate the highest common divisor of 242 and m.
22
Let q = -24 - -45. Suppose -6*c - 5*p - 12 = -4*c, 40 = 5*c - 5*p. Suppose c*s - 4*u = 84, -u - q = -s + 4*u. What is the highest common factor of 14 and s?
7
Let x = 220 - 15. Calculate the greatest common factor of x and 82.
41
Suppose x = -3*x + 8. Suppose 131 = x*n + 5*p - 61, -4*n + 384 = 4*p. Suppose -t + 32 = -4*s, 2*s = -2*t + 11 + 3. What is the highest common factor of t and n?
12
Suppose q = -4*o + 21, -2*q - 20*o - 10 = -25*o. Suppose -2*t + 4 = -2. What is the greatest common factor of q and t?
1
Let k be (6/24)/(2/24). Let v(z) = 8*z + 3. Let p be v(k). Suppose 2*r + 4 = 0, -4*j - 6*r + 3*r = -6. What is the highest common divisor of p and j?
3
Let k be ((-10506)/3 - 0)/((-2)/1). What is the highest common factor of 17 and k?
17
Suppose -4*d = -2*h + 12, h = d + 1 + 3. Let j be (12/(-14))/(-1 - 12/(-14)). Let p = j - d. Calculate the highest common factor of 4 and p.
4
Let z(t) = -26*t + 73. Let r be z(-7). What is the highest common divisor of 68 and r?
17
Let k(a) = -43*a - 8. Let u be k(-2). What is the highest common divisor of u and 18?
6
Let m(d) = -d**2 + 34*d + 11. Let i be m(17). Suppose 0 = 8*l + i - 764. What is the highest common divisor of 145 and l?
29
Let h(y) = -14*y + 510. Let l be h(21). What is the greatest common divisor of l and 48?
24
Let k = -41 - -92. Calculate the highest common divisor of 357 and k.
51
Suppose -144*w + 384 = -140*w. Calculate the highest common factor of w and 18.
6
Let b be 2/(-4)*(10 - 16). Let u(z) = z**3 - 9*z**2 - 10*z + 5. Let a be u(10). What is the highest common divisor of b and a?
1
Suppose -2989 = -5*a - w, 0 = -28*a + 26*a + 3*w + 1199. Calculate the greatest common factor of a and 46.
46
Let d(g) = 4*g - 4. Let b be d(4). Let n be 75 - 2 - (1 + -4). Suppose -4*l - l + 117 = 3*f, 3*l - 4*f = n. Calculate the highest common factor of b and l.
12
Let z be 18*(6/8 + 21/84). Suppose -3*m - 2*m + 10 = 0. Suppose -2*s + 4 = m*s - 4*b, -5*s = -4*b - 10. What is the highest common divisor of z and s?
6
Let c = 5 + 1. Suppose -3*k = 3*v - 75, 2*k + 4*v - 130 = -3*k. What is the greatest common factor of c and k?
6
Let s = -89 + 161. Calculate the greatest common divisor of 63 and s.
9
Let h(u) be the third derivative of -u**4/24 + u**3/2 + u**2. Let k be h(-5). Let l = 302 - 270. What is the highest common divisor of l and k?
8
Let q(g) = -37*g**2 + 4*g + 21*g**2 + 4 + 15*g**2 - 6*g**3. Let x be q(-2). Calculate the greatest common factor of x and 20.
20
Let k = -105 + 220. Let r(x) = 28*x - 9. Let q be r(-3). Let t = -47 - q. Calculate the greatest common factor of k and t.
23
Suppose 5*t - 22 = 5*r + 233, 0 = -4*t - r + 204. Calculate the highest common factor of 34 and t.
17
Let o(h) = h**2 + 2*h - 1. Let n be o(-2). Let z = n + 11. Let w be (-10)/4*2 + 85. Calculate the highest common divisor of z and w.
10
Suppose -1650 = -27*j + 1509. What is the greatest common divisor of 156 and j?
39
Let i(p) = -p + 49. Let k be i(-9). Let a be 2*1/(-4)*-58. What is the greatest common divisor of k and a?
29
Suppose 17 = i - 31. Let p(q) = q**3 + 29*q**2 + 113*q + 5. Let u be p(-5). Calculate the greatest common factor of i and u.
8
Suppose -42 - 48 = -3*l. Suppose -4*m = -3*i + 606, 3*m = -4 + 22. Calculate the greatest common divisor of i and l.
30
Let z(v) = -2*v**2 + 51*v - 5. Let f be z(25). Let t be 61/4 + 2/(-8). Calculate the greatest common factor of f and t.
5
Let x = -410 + 434. Calculate the highest common factor of 44 and x.
4
Let h be (-726)/(-14) + (-84)/98. Calculate the greatest common factor of h and 85.
17
Let x(t) = -40*t**2 - t + 1. Let b be x(1). Let c be (-1)/3 - b/12. Suppose 147 = c*z - 0*z. Calculate the highest common factor of 7 and z.
7
Suppose -x = -4*m - 11 + 7, 0 = 4*x + 2*m - 34. What is the highest common factor of 2 and x?
2
Suppose -4*z = -2*l - 6, l - 3 = 5*z - 15. Calculate the highest common divisor of z and 3.
3
Let n = 9 - 3. Let z be 1*18*((-50)/15 - -7). Calculate the highest common factor of n and z.
6
Let o(n) = 6*n**2 + 5*n - 14. Let h(w) = 3*w**2 + 7*w + 1. Let q be h(-3). Let a be o(q). Calculate the greatest common factor of a and 35.
35
Suppose 15*c = 9*c + 510. Calculate the greatest common divisor of c and 17.
17
Let g be (-2)/(-5) - 36/(-10). Suppose -5*l - 5*t - 46 = -76, 30 = -5*t. Calculate the greatest common divisor of l and g.
4
Suppose 5*h + 4 = 19. Let s(g) = g**2 + 9*g - 24. Let y be s(h). What is the highest common divisor of 48 and y?
12
Suppose -f - 24 = -4*v, 4*v - 40 = 5*f - 0*f. Suppose -t - 3*w + 43 = 0, v*t - 167 = -0*w + w. What is the greatest common factor of 85 and t?
17
Let m be 10*1 + 8/4. Let n(h) = -h**3 + 11*h**2 + 14*h - 22. Let a be n(m). Let g be (a/(-3))/((-16)/1152). Calculate the greatest common factor of 72 and g.
24
Let v be (-145)/(-58)*(-8)/(-10). Calculate the highest common divisor of 22 and v.
2
Suppose 0*s - 153 = -3*s. Let j(q) = 21*q + 1221. Let g be j(-58). Calculate the greatest common divisor of g and s.
3
Let k = 341 + -224. What is the highest common divisor of k and 9?
9
Let j = -56 - -59. Let b = 52 - 43. Calculate the highest common divisor of b and j.
3
Let p = -1 + -9. Let c(l) = l**2 + 7*l - 9. Let j be c(p). Suppose 12 = -0*w + 4*w. Calculate the highest common factor of j and w.
3
Let v(d) = -2*d**2 + 12*d + 20. Let m be v(5). Calculate the greatest common factor of m and 2490.
30
Suppose -5*m + 13 = -12. Suppose d - 2*n = 6*d - 114, m*d = n + 108. Let r(g) = -g**2 + 8*g + 11. Let q be r(9). Calculate the highest common factor of q and d.
2
Let g(p) = 10*p - 3. Let o be g(2). Let b be 1215/10 + -3 + (-2)/(-4). Calculate the highest common factor of o and b.
17
Let w be (-111)/74*-13*2. Calculate the highest common factor of 52 and w.
13
Let f = 935 - 913. What is the greatest common factor of f and 814?
22
Let z = 1460 - 1432. Calculate the greatest common divisor of z and 203.
7
Let w(o) = 3*o**2 + 33*o + 169. Let h be w(-7). What is the greatest common divisor of h and 17?
17
Suppose 0 = 2*o - p - 88, -72*o + 76*o - 184 = -2*p. Calculate the greatest common divisor of 2745 and o.
45
Let p(x) = x + 18. Suppose 0 = 3*s - 2*h + 6*h